{"id":18721,"date":"2026-04-20T12:09:34","date_gmt":"2026-04-20T12:09:34","guid":{"rendered":"https:\/\/manumotoculture.store\/agrilionel\/?post_type=product&#038;p=18721"},"modified":"2026-04-20T12:16:30","modified_gmt":"2026-04-20T12:16:30","slug":"mtd-92-autoportee-a-ramassage-integre","status":"publish","type":"product","link":"https:\/\/manumotoculture.store\/agrilionel\/product\/mtd-92-autoportee-a-ramassage-integre\/","title":{"rendered":"MTD 92 Autoport\u00e9e \u00e0 ramassage int\u00e9gr\u00e9"},"content":{"rendered":"<h2>Description<\/h2>\n<h2 data-start=\"319\" data-end=\"395\">Pourquoi choisir la\u00a0<strong data-start=\"343\" data-end=\"393\">Tondeuse autoport\u00e9e MTD 92 \u00e0 ramassage int\u00e9gr\u00e9<\/strong>\u00a0?<\/h2>\n<ul data-start=\"397\" data-end=\"1006\">\n<li data-start=\"397\" data-end=\"466\">\n<p data-start=\"399\" data-end=\"466\"><strong data-start=\"399\" data-end=\"426\">Transmission Transmatic<\/strong>\u00a0:\u00a0<span class=\"relative -mx-px my-[-0.2rem] rounded px-px py-[0.2rem] transition-colors duration-100 ease-in-out\">changez de vitesse sans d\u00e9brayer, pour une conduite fluide et continue.<\/span><\/p>\n<\/li>\n<li data-start=\"467\" data-end=\"531\">\n<p data-start=\"469\" data-end=\"531\"><strong data-start=\"469\" data-end=\"493\">Moteur MTD ThorX 382<\/strong>\u00a0<span class=\"relative -mx-px my-[-0.2rem] rounded px-px py-[0.2rem] transition-colors duration-100 ease-in-out\">de 7,8 kW, offrant une puissance fiable pour des terrains jusqu\u2019\u00e0 2500 m\u00b2.<\/span><\/p>\n<\/li>\n<li data-start=\"532\" data-end=\"601\">\n<p data-start=\"534\" data-end=\"601\"><strong data-start=\"534\" data-end=\"563\">Largeur de coupe de 92 cm<\/strong>\u00a0<span class=\"relative -mx-px my-[-0.2rem] rounded px-px py-[0.2rem] transition-colors duration-100 ease-in-out\">pour une tonte rapide et efficace.<\/span><\/p>\n<\/li>\n<li data-start=\"602\" data-end=\"689\">\n<p data-start=\"604\" data-end=\"689\"><strong data-start=\"604\" data-end=\"649\">Hauteur de coupe r\u00e9glable sur 5 positions<\/strong>\u00a0<span class=\"relative -mx-px my-[-0.2rem] rounded px-px py-[0.2rem] transition-colors duration-100 ease-in-out\">(30 \u00e0 95 mm), adapt\u00e9e \u00e0 vos besoins.<\/span><\/p>\n<\/li>\n<li data-start=\"690\" data-end=\"761\">\n<p data-start=\"692\" data-end=\"761\"><strong data-start=\"692\" data-end=\"721\">Bac de ramassage de 240 L<\/strong>\u00a0<span class=\"relative -mx-px my-[-0.2rem] rounded px-px py-[0.2rem] transition-colors duration-100 ease-in-out\">avec hard-top, pour une collecte optimale de l\u2019herbe.<\/span><\/p>\n<\/li>\n<li data-start=\"762\" data-end=\"834\">\n<p data-start=\"764\" data-end=\"834\"><strong data-start=\"764\" data-end=\"794\">Rayon de braquage de 46 cm<\/strong>\u00a0<span class=\"relative -mx-px my-[-0.2rem] rounded px-px py-[0.2rem] transition-colors duration-100 ease-in-out\">pour une maniabilit\u00e9 exceptionnelle autour des obstacles.<\/span><\/p>\n<\/li>\n<li data-start=\"835\" data-end=\"902\">\n<p data-start=\"837\" data-end=\"902\"><strong data-start=\"837\" data-end=\"862\">Si\u00e8ge avec suspension<\/strong>\u00a0<span class=\"relative -mx-px my-[-0.2rem] rounded px-px py-[0.2rem] transition-colors duration-100 ease-in-out\">et r\u00e9glable, assurant un confort optimal pendant l\u2019utilisation.<\/span><\/p>\n<\/li>\n<li data-start=\"903\" data-end=\"1006\">\n<p data-start=\"905\" data-end=\"1006\"><strong data-start=\"905\" data-end=\"927\">Plateforme d\u00e9gag\u00e9e<\/strong>\u00a0<span class=\"relative -mx-px my-[-0.2rem] rounded px-px py-[0.2rem] transition-colors duration-100 ease-in-out\">facilitant l\u2019acc\u00e8s au poste de conduite et \u00e0 la maintenance.<\/span><\/p>\n<\/li>\n<\/ul>\n<h3 data-start=\"1008\" data-end=\"1084\">Fiche technique de la\u00a0<strong data-start=\"1034\" data-end=\"1084\">Tondeuse autoport\u00e9e MTD 92 \u00e0 ramassage int\u00e9gr\u00e9<\/strong><\/h3>\n<div class=\"_tableContainer_16hzy_1\">\n<div class=\"_tableWrapper_16hzy_14 group flex w-fit flex-col-reverse\" tabindex=\"-1\">\n<table class=\"w-fit min-w-(--thread-content-width)\" data-start=\"1086\" data-end=\"2148\">\n<thead data-start=\"1086\" data-end=\"1153\">\n<tr data-start=\"1086\" data-end=\"1153\">\n<th data-start=\"1086\" data-end=\"1117\" data-col-size=\"sm\">Caract\u00e9ristique<\/th>\n<th data-start=\"1117\" data-end=\"1153\" data-col-size=\"sm\">D\u00e9tail<\/th>\n<\/tr>\n<\/thead>\n<tbody data-start=\"1222\" data-end=\"2148\">\n<tr data-start=\"1222\" data-end=\"1289\">\n<td data-start=\"1222\" data-end=\"1253\" data-col-size=\"sm\"><strong data-start=\"1224\" data-end=\"1234\">Moteur<\/strong><\/td>\n<td data-col-size=\"sm\" data-start=\"1253\" data-end=\"1289\">MTD ThorX 382, monocylindre<\/td>\n<\/tr>\n<tr data-start=\"1290\" data-end=\"1357\">\n<td data-start=\"1290\" data-end=\"1321\" data-col-size=\"sm\"><strong data-start=\"1292\" data-end=\"1305\">Puissance<\/strong><\/td>\n<td data-col-size=\"sm\" data-start=\"1321\" data-end=\"1357\">7,8 kW \/ 2800 tr\/min<\/td>\n<\/tr>\n<tr data-start=\"1358\" data-end=\"1425\">\n<td data-start=\"1358\" data-end=\"1389\" data-col-size=\"sm\"><strong data-start=\"1360\" data-end=\"1373\">Cylindr\u00e9e<\/strong><\/td>\n<td data-col-size=\"sm\" data-start=\"1389\" data-end=\"1425\">382 cm\u00b3<\/td>\n<\/tr>\n<tr data-start=\"1426\" data-end=\"1497\">\n<td data-start=\"1426\" data-end=\"1457\" data-col-size=\"sm\"><strong data-start=\"1428\" data-end=\"1444\">Transmission<\/strong><\/td>\n<td data-col-size=\"sm\" data-start=\"1457\" data-end=\"1497\">Transmatic, 6 vitesses avant\/arri\u00e8re<\/td>\n<\/tr>\n<tr data-start=\"1498\" data-end=\"1565\">\n<td data-start=\"1498\" data-end=\"1529\" data-col-size=\"sm\"><strong data-start=\"1500\" data-end=\"1520\">Largeur de coupe<\/strong><\/td>\n<td data-col-size=\"sm\" data-start=\"1529\" data-end=\"1565\">92 cm<\/td>\n<\/tr>\n<tr data-start=\"1566\" data-end=\"1633\">\n<td data-start=\"1566\" data-end=\"1597\" data-col-size=\"sm\"><strong data-start=\"1568\" data-end=\"1588\">Hauteur de coupe<\/strong><\/td>\n<td data-col-size=\"sm\" data-start=\"1597\" data-end=\"1633\">30 \u00e0 95 mm (5 positions)<\/td>\n<\/tr>\n<tr data-start=\"1634\" data-end=\"1701\">\n<td data-start=\"1634\" data-end=\"1665\" data-col-size=\"sm\"><strong data-start=\"1636\" data-end=\"1656\">Bac de ramassage<\/strong><\/td>\n<td data-col-size=\"sm\" data-start=\"1665\" data-end=\"1701\">240 L, souple avec hard-top<\/td>\n<\/tr>\n<tr data-start=\"1702\" data-end=\"1769\">\n<td data-start=\"1702\" data-end=\"1733\" data-col-size=\"sm\"><strong data-start=\"1704\" data-end=\"1725\">Rayon de braquage<\/strong><\/td>\n<td data-col-size=\"sm\" data-start=\"1733\" data-end=\"1769\">46 cm<\/td>\n<\/tr>\n<tr data-start=\"1770\" data-end=\"1837\">\n<td data-start=\"1770\" data-end=\"1801\" data-col-size=\"sm\"><strong data-start=\"1772\" data-end=\"1781\">Si\u00e8ge<\/strong><\/td>\n<td data-col-size=\"sm\" data-start=\"1801\" data-end=\"1837\">R\u00e9glable avec suspension<\/td>\n<\/tr>\n<tr data-start=\"1838\" data-end=\"1905\">\n<td data-start=\"1838\" data-end=\"1869\" data-col-size=\"sm\"><strong data-start=\"1840\" data-end=\"1866\">Dimensions (L x l x H)<\/strong><\/td>\n<td data-col-size=\"sm\" data-start=\"1869\" data-end=\"1905\">225 x 99 x 103 cm<\/td>\n<\/tr>\n<tr data-start=\"1906\" data-end=\"1973\">\n<td data-start=\"1906\" data-end=\"1937\" data-col-size=\"sm\"><strong data-start=\"1908\" data-end=\"1917\">Poids<\/strong><\/td>\n<td data-start=\"1937\" data-end=\"1973\" data-col-size=\"sm\">184 kg<\/td>\n<\/tr>\n<tr data-start=\"1974\" data-end=\"2041\">\n<td data-start=\"1974\" data-end=\"2005\" data-col-size=\"sm\"><strong data-start=\"1976\" data-end=\"1998\">Surface conseill\u00e9e<\/strong><\/td>\n<td data-col-size=\"sm\" data-start=\"2005\" data-end=\"2041\">Jusqu\u2019\u00e0 2500 m\u00b2<\/td>\n<\/tr>\n<tr data-start=\"2042\" data-end=\"2148\">\n<td data-start=\"2042\" data-end=\"2073\" data-col-size=\"sm\"><strong data-start=\"2044\" data-end=\"2056\">Garantie<\/strong><\/td>\n<td data-start=\"2073\" data-end=\"2108\" data-col-size=\"sm\">2 ans<\/td>\n<\/tr>\n<\/tbody>\n<\/table>\n<\/div>\n<\/div>\n","protected":false},"excerpt":{"rendered":"<p>Description Pourquoi choisir la\u00a0Tondeuse autoport\u00e9e MTD 92 \u00e0 ramassage int\u00e9gr\u00e9\u00a0? Transmission Transmatic\u00a0:\u00a0changez de vitesse sans d\u00e9brayer, pour une conduite fluide et continue. Moteur MTD ThorX 382\u00a0de 7,8 kW, offrant une puissance fiable pour des terrains jusqu\u2019\u00e0 2500 m\u00b2. Largeur de coupe de 92 cm\u00a0pour une tonte rapide et efficace. Hauteur de coupe r\u00e9glable sur 5 [&hellip;]<\/p>\n","protected":false},"featured_media":18722,"comment_status":"open","ping_status":"closed","template":"","meta":[],"product_brand":[],"product_cat":[185],"product_tag":[],"class_list":{"0":"post-18721","1":"product","2":"type-product","3":"status-publish","4":"has-post-thumbnail","6":"product_cat-autoportee","8":"first","9":"instock","10":"sale","11":"shipping-taxable","12":"purchasable","13":"product-type-simple","14":"add-to-wishlist-after_add_to_cart"},"aioseo_notices":[],"_links":{"self":[{"href":"https:\/\/manumotoculture.store\/agrilionel\/wp-json\/wp\/v2\/product\/18721","targetHints":{"allow":["GET"]}}],"collection":[{"href":"https:\/\/manumotoculture.store\/agrilionel\/wp-json\/wp\/v2\/product"}],"about":[{"href":"https:\/\/manumotoculture.store\/agrilionel\/wp-json\/wp\/v2\/types\/product"}],"replies":[{"embeddable":true,"href":"https:\/\/manumotoculture.store\/agrilionel\/wp-json\/wp\/v2\/comments?post=18721"}],"wp:featuredmedia":[{"embeddable":true,"href":"https:\/\/manumotoculture.store\/agrilionel\/wp-json\/wp\/v2\/media\/18722"}],"wp:attachment":[{"href":"https:\/\/manumotoculture.store\/agrilionel\/wp-json\/wp\/v2\/media?parent=18721"}],"wp:term":[{"taxonomy":"product_brand","embeddable":true,"href":"https:\/\/manumotoculture.store\/agrilionel\/wp-json\/wp\/v2\/product_brand?post=18721"},{"taxonomy":"product_cat","embeddable":true,"href":"https:\/\/manumotoculture.store\/agrilionel\/wp-json\/wp\/v2\/product_cat?post=18721"},{"taxonomy":"product_tag","embeddable":true,"href":"https:\/\/manumotoculture.store\/agrilionel\/wp-json\/wp\/v2\/product_tag?post=18721"}],"curies":[{"name":"wp","href":"https:\/\/api.w.org\/{rel}","templated":true}]}}