{"id":3533,"date":"2026-04-01T15:39:50","date_gmt":"2026-04-01T15:39:50","guid":{"rendered":"https:\/\/manumotoculture.store\/agri-lionel\/?post_type=product&#038;p=3533"},"modified":"2026-04-01T17:33:05","modified_gmt":"2026-04-01T17:33:05","slug":"wolf-a80k3-3000-5000","status":"publish","type":"product","link":"https:\/\/manumotoculture.store\/agri-lionel\/product\/wolf-a80k3-3000-5000\/","title":{"rendered":"wolf A80K3 3000-5000"},"content":{"rendered":"<p>La tondeuse autoport\u00e9e A80 K3 se distingue par sa compacit\u00e9 et sa flexibilit\u00e9. Elle est adapt\u00e9e \u00e0 tous les terrains et \u00e0 tous les travaux.<\/p>\n<p>Dot\u00e9e d&#8217;une position de conduite optimale, de commandes intuitives au tableau de bord et d&#8217;une s\u00e9curit\u00e9 renforc\u00e9e, elle vous ouvre les portes d&#8217;un nouveau niveau de satisfaction.<\/p>\n<p>En motorisation Kawasaki, cette tondeuse puissante s&#8217;utilise sur des terrains plats et un peu plus pentus.<\/p>\n<p>Livr\u00e9e avec un insert mulching de s\u00e9rie, c&#8217;est une tondeuse 3-en-1 : ramassage (herbe m\u00eame mouill\u00e9e et feuilles mortes), mulching, \u00e9jection arri\u00e8re ou lat\u00e9rale (avec d\u00e9flecteur en option)<\/p>\n<p>Accessoirisez-la pour d\u00e9neiger, \u00e9mousser et remorquer.<\/p>\n","protected":false},"excerpt":{"rendered":"<p>Les tondeuses autoport\u00e9es de la gamme A80 sont\u00a0compactes, maniables et confortables. Ainsi, elles permettent\u00a0d&#8217;associer tonte et plaisir.<\/p>\n","protected":false},"featured_media":3534,"comment_status":"open","ping_status":"closed","template":"","meta":{"_monsterinsights_skip_tracking":false,"_monsterinsights_sitenote_active":false,"_monsterinsights_sitenote_note":"","_monsterinsights_sitenote_category":0},"product_brand":[],"product_cat":[112],"product_tag":[],"class_list":{"0":"post-3533","1":"product","2":"type-product","3":"status-publish","4":"has-post-thumbnail","6":"product_cat-autoportee","8":"first","9":"instock","10":"sale","11":"shipping-taxable","12":"purchasable","13":"product-type-simple","14":"add-to-wishlist-after_add_to_cart"},"aioseo_notices":[],"_links":{"self":[{"href":"https:\/\/manumotoculture.store\/agri-lionel\/wp-json\/wp\/v2\/product\/3533","targetHints":{"allow":["GET"]}}],"collection":[{"href":"https:\/\/manumotoculture.store\/agri-lionel\/wp-json\/wp\/v2\/product"}],"about":[{"href":"https:\/\/manumotoculture.store\/agri-lionel\/wp-json\/wp\/v2\/types\/product"}],"replies":[{"embeddable":true,"href":"https:\/\/manumotoculture.store\/agri-lionel\/wp-json\/wp\/v2\/comments?post=3533"}],"version-history":[{"count":0,"href":"https:\/\/manumotoculture.store\/agri-lionel\/wp-json\/wp\/v2\/product\/3533\/revisions"}],"wp:featuredmedia":[{"embeddable":true,"href":"https:\/\/manumotoculture.store\/agri-lionel\/wp-json\/wp\/v2\/media\/3534"}],"wp:attachment":[{"href":"https:\/\/manumotoculture.store\/agri-lionel\/wp-json\/wp\/v2\/media?parent=3533"}],"wp:term":[{"taxonomy":"product_brand","embeddable":true,"href":"https:\/\/manumotoculture.store\/agri-lionel\/wp-json\/wp\/v2\/product_brand?post=3533"},{"taxonomy":"product_cat","embeddable":true,"href":"https:\/\/manumotoculture.store\/agri-lionel\/wp-json\/wp\/v2\/product_cat?post=3533"},{"taxonomy":"product_tag","embeddable":true,"href":"https:\/\/manumotoculture.store\/agri-lionel\/wp-json\/wp\/v2\/product_tag?post=3533"}],"curies":[{"name":"wp","href":"https:\/\/api.w.org\/{rel}","templated":true}]}}